common divisor of u and 104.
26
Suppose 19 + 29 = 2*z. Suppose -96 = 6*s - 10*s - 4*l, -3*s + 3*l = -72. What is the highest common divisor of z and s?
24
Let w be ((-676)/(-130) - 2/10)*11. Let c be 976/14 - (-2)/7. Let o = -48 + c. Calculate the highest common factor of o and w.
11
Suppose 0 = q + 2*q - z - 10, 2*q + 3*z = 14. Suppose -2*o - 58 = -q*o. Let r = 494 + -233. Calculate the highest common divisor of r and o.
29
Let a be (-8)/(-5) + (-8)/(-20). Let u(t) = -2*t**a + 6*t + t**2 + 15 + t**3 - 5*t. Let g be u(0). What is the highest common factor of 75 and g?
15
Let j(y) = 16*y**2 + 27*y - 41. Let z be j(2). What is the greatest common factor of 121 and z?
11
Suppose 60 = 4*t + z, 0*t + 3*t - 3*z = 45. Let m = -283 - -343. Calculate the highest common divisor of t and m.
15
Suppose -l = -4*v + 211, 6*v - 107 = 4*v + l. Calculate the highest common divisor of 988 and v.
52
Suppose 73 = j + 2*h, j + 4*j - 356 = -h. Suppose -11 + j = b. Calculate the greatest common divisor of b and 12.
12
Let l = 1653 - 1607. Let s be 2 - 1 - (-113 + -1). Calculate the highest common divisor of s and l.
23
Suppose -3*f + 2*t = -506, -9*f - 5*t - 330 = -11*f. Calculate the highest common divisor of 306 and f.
34
Let r(d) = -12*d - 98. Let o be r(-12). Let t(v) = -v**3 + 13*v**2 + 16*v - 5. Let h be t(14). Calculate the highest common divisor of o and h.
23
Suppose 5*l - 3449 = -3*f, 0*l - l + 673 = -5*f. What is the greatest common divisor of l and 16?
16
Let s(l) = l**2 + 136. Let w be ((-1 - 0)*(5 - 5))/1. Let u be s(w). Calculate the highest common factor of 17 and u.
17
Let l be -2 + 24/4 + -1. Suppose c = -3*w + 49, -l*w + 8 = -2*c + 79. Let n be c/(-30)*(-6)/4. Calculate the greatest common divisor of 6 and n.
2
Let c = 895 + -697. What is the highest common divisor of c and 44?
22
Let z = -444 + 456. What is the highest common divisor of 32 and z?
4
Suppose 49*o - 45*o = 2048. Calculate the greatest common divisor of o and 16.
16
Let i(b) = 3*b**2 - 17*b - 3. Let d be i(6). Suppose -28 = -x + 5*h, x - 37 = -0*x - 4*h. Calculate the greatest common divisor of d and x.
3
Let i be (-2*1 - 0)/(-1). Suppose -7*s - 53 = -4. Let p(l) = l**3 + 6*l**2 - 11*l - 10. Let k be p(s). Calculate the greatest common factor of i and k.
2
Suppose -2 = t - 8. Suppose -t*c + 588 = -342. Suppose 5*r = 10*r - c. What is the highest common factor of r and 31?
31
Let l be ((-44)/(-16))/(12/(-16) + 1). What is the highest common divisor of 11 and l?
11
Let h(g) = -96*g + 8. Suppose 6 = -2*z - 2*w, -5*z + 1 = 2*w + 13. Let f be h(z). Calculate the greatest common divisor of f and 20.
20
Suppose -15 = -5*f + h, f - 4*f = -5*h - 31. Suppose -f*j + 101 + 317 = 0. Calculate the highest common factor of 19 and j.
19
Suppose 3*j - 154 - 28 = -2*q, 123 = 2*j + 3*q. Let p = j + 16. Calculate the highest common factor of 19 and p.
19
Suppose -12*q + 100 = -104. What is the highest common divisor of q and 799?
17
Suppose 28 = -4*v - 20. Suppose 0 = 5*s + 3*t - 10, -6 = 3*s - 2*s - t. Let r be 18/v*s*10. Calculate the greatest common divisor of 30 and r.
15
Suppose 6*m - 14*m = -64. What is the greatest common factor of m and 1296?
8
Let i be -1*(-1)/(1/6). Let d(p) = 216 - 4*p + 11*p - i*p. Let z be d(0). What is the greatest common divisor of z and 27?
27
Let z = -380 - -492. Calculate the greatest common divisor of z and 168.
56
Let h(k) = 3*k + 2. Let s be h(2). Suppose 4*g = 5*a - g - 30, -28 = -3*a - 2*g. Calculate the greatest common divisor of s and a.
8
Suppose -5*d = -19 + 4, -5*m + d = -477. Let f be (3/9 + -1)*3. Let o be f/2 + (-1 - -14). What is the highest common divisor of m and o?
12
Let s(g) = 11*g**2 - 11*g**2 + 21*g**2 - g + 14*g**2 + 1. Let u be s(1). Let k = 36 - u. What is the greatest common divisor of k and 3?
1
Suppose 2*c + 28 = -2*c. Let o be 5/((-5)/4) - c. Suppose 2*k - 19 - 11 = 0. What is the greatest common divisor of o and k?
3
Suppose -11 = c - 11. Suppose c = 11*o - 10*o - 22. Calculate the greatest common factor of o and 154.
22
Suppose 35 + 69 = 2*w. Suppose -2*j = 15 - 41. What is the highest common divisor of w and j?
13
Let i(s) = 19*s + 9 + 32*s - 10. Let f be i(1). Calculate the greatest common factor of f and 20.
10
Let u(q) = q. Let h be u(3). Let x(a) = -24*a**3 + 87*a**h - 1 + 16*a - 14*a. Let w be x(1). Calculate the highest common divisor of 8 and w.
8
Suppose -12 = -2*x + 8. Let q be 1/(-5) - (-142)/x. Suppose 0 = -z - 3*m + 20, 3*z - 41 = 4*m - 7. Calculate the highest common divisor of q and z.
14
Suppose 3*m - 21 - 2 = u, 0 = 3*m + 3*u - 39. Suppose -1939 = -8*y - 1291. What is the highest common divisor of y and m?
9
Suppose -75*i + 143 + 232 = 0. Suppose 0 = 6*w - w - 85. Suppose -58 = -5*p + w. What is the greatest common divisor of p and i?
5
Suppose -20 = -2*i - 10. Suppose g = 5, 2*g = -4*o - g + 19. Calculate the greatest common factor of o and i.
1
Suppose -71 = k - 161. Let j be k/14 + 8/14. Suppose -5*t + 3*y + 11 = -y, t = -4*y + j. Calculate the highest common factor of 21 and t.
3
Suppose 3*j + 8*b = 11*b + 4068, 0 = -4*j - 2*b + 5406. Calculate the highest common factor of j and 33.
33
Let b be 1 - 1*(-3)/3. Suppose 3*u - 5*z - 220 = -b*u, 2*z + 168 = 4*u. Let n be 28/6 - (-4)/12. What is the greatest common divisor of u and n?
5
Let z = 0 - -15. Suppose -7 - z = -b. What is the highest common factor of 2 and b?
2
Suppose -2*v + 4*b + 212 = v, -4*v + 5*b = -283. Suppose -116 = -5*l + 4*p + 64, 2*l + 2*p = v. Calculate the highest common factor of 12 and l.
12
Let g = 0 - -1. Suppose -3*r + 10*r + 4*h - 17 = 0, 3*r - h - 10 = 0. Calculate the highest common divisor of r and g.
1
Let z(f) = 2*f**2 - 2*f - 1. Let q be z(-1). Suppose -51 - 57 = -q*h. What is the highest common divisor of 4 and h?
4
Suppose -200 = -51*v + 46*v. Suppose -570 = -5*u + 5*h - 95, 0 = 3*h - 15. Calculate the highest common divisor of v and u.
20
Suppose -3*o - 5*d - 93 = -7*o, 3*o - 5*d = 76. Let l be 14 + (-2 - -1)*-3. Suppose -21*h + 68 = -l*h. Calculate the highest common divisor of h and o.
17
Suppose -273 = 389*p - 396*p. What is the greatest common divisor of 2847 and p?
39
Let n = -126 + 113. Suppose 4*x - 180 = -0*x. Let t = n + x. Calculate the highest common divisor of 8 and t.
8
Suppose 14*m - 20*m + 180 = 0. What is the greatest common factor of 420 and m?
30
Suppose -41 = 6*g + 19. Let n be (-264)/(-20)*(g/(-4) + 0). Calculate the greatest common factor of 11 and n.
11
Let c = 624 + -620. Calculate the highest common divisor of c and 12.
4
Suppose 0 = r + 5*s - 30, 0 = r - 2*s + 6*s - 27. Suppose -r = -j + 75. Suppose 0 = -4*a - 43 + 115. What is the greatest common divisor of j and a?
18
Suppose k = 191 - 30. Let t = -113 + k. Let m = -6 + 18. What is the greatest common factor of m and t?
12
Suppose -5*r + 4856 = 291. What is the greatest common divisor of r and 11?
11
Let c be (-2)/6 + (-98)/(-42). Let q be (-13 + c)*(-5 - -4). Let m = -58 + 113. What is the highest common divisor of q and m?
11
Let a be (76*-4)/(-1 + 0). What is the highest common divisor of a and 38?
38
Let h be 2/(-3)*-6 - 1. Let k be ((-520)/30)/((-2)/h). Let t(m) = m**3 - 9*m**2 - 5*m + 15. Let b be t(10). What is the highest common divisor of b and k?
13
Suppose 0 = -3*k + 14 - 5, 55 = 4*g + k. What is the greatest common factor of g and 351?
13
Let y(p) = p**3 + 3*p**2 + 3*p + 4. Let q be y(-2). Suppose 0 = c - q. What is the highest common factor of c and 14?
2
Let g = -410 + 582. What is the highest common divisor of g and 430?
86
Suppose 5*c + p = 3899, -4*c = -7*c + 5*p + 2345. What is the highest common factor of 60 and c?
60
Suppose 3*t + 1 = d, -4*d + 9 + 6 = -t. Suppose u = d*u. Suppose -f = -5*o - 61, u = -3*o + 17 - 8. Calculate the greatest common divisor of 19 and f.
19
Let v = -137 + 100. Let k = v + 38. Calculate the greatest common divisor of 13 and k.
1
Suppose 5*t + 3*r - 260 = 0, 0 = -t + 3*t + 4*r - 90. Calculate the highest common divisor of 440 and t.
55
Let v(q) = 3*q + 10. Let n be v(9). Let c be n/2 - (-24)/(-16). Calculate the highest common divisor of 17 and c.
17
Let d(q) = -q. Let h be d(-6). Let s be 18/22 + h/33. Let g be (-32)/(-3) - (-13)/39. Calculate the greatest common factor of g and s.
1
Let z = 1873 + -1015. Calcu